{"id":35,"date":"2019-12-03T08:35:41","date_gmt":"2019-12-03T07:35:41","guid":{"rendered":"http:\/\/wlvpitten.at\/wlvpitten\/?page_id=35"},"modified":"2022-09-26T05:47:39","modified_gmt":"2022-09-26T04:47:39","slug":"das-team","status":"publish","type":"page","link":"https:\/\/www.wlvpitten.at\/wlvpitten\/?page_id=35","title":{"rendered":"Das Team"},"content":{"rendered":"\n<p><a><strong>Treitler Andreas<\/strong><br>Betriebsleiter<br>besch\u00e4ftigt seit 1992<br><\/a><\/p>\n\n\n\n<p class=\"has-text-align-right\"><a><strong>Ing. Rennhofer Lukas<\/strong><br>Betriebsleiter-Stv.<br>besch\u00e4ftigt seit 2013<br><\/a><\/p>\n\n\n\n<p><a><strong>Horvath Hubert<\/strong><br>Wassermeister<br>besch\u00e4ftigt seit 2001<br><\/a><\/p>\n\n\n\n<p class=\"has-text-align-right\"><a><strong>Hampel-Spuller Katharina<\/strong><br>Verwaltung<br>besch\u00e4ftigt seit 2021<br><\/a><\/p>\n\n\n\n<p><a><strong>Horvath Manuel<\/strong><br>Wassermeister<br>besch\u00e4ftigt seit 2001<br><\/a><\/p>\n\n\n\n<p class=\"has-text-align-right\"><a><strong>Werger Andreas<\/strong><br>Wassermeister<br>besch\u00e4ftigt seit 2005<br><\/a><\/p>\n\n\n\n<p><a><strong>Jeitler Josef<\/strong><br>Wassermeister<br>besch\u00e4ftigt seit 2008<br><\/a><\/p>\n\n\n\n<p class=\"has-text-align-right\"><a><strong>Salzer Roman<\/strong><br>Wassermeister<br>besch\u00e4ftigt seit 2012<br><\/a><\/p>\n\n\n\n<p><a><strong>Karl Birnbaumer<\/strong><br>LKW-Fahrer<br>besch\u00e4ftigt seit 2013<br><\/a><\/p>\n\n\n\n<p class=\"has-text-align-right\"><a><strong>Schiefer-Flohner Thomas<\/strong><br>Monteur<br>besch\u00e4ftigt seit 2018<\/a><\/p>\n\n\n\n<p><a><strong>Thur Yvonne<\/strong><br>Verwaltung<br>besch\u00e4ftigt seit 2015<\/a><\/p>\n\n\n\n<p class=\"has-text-align-right\"><a><strong>Nagl Peter<\/strong><br>Wassermeister<br>besch\u00e4ftigt seit 2019<br><\/a><\/p>\n\n\n\n<p><a><strong>Pichlbauer Stefan<\/strong><br>Wassermeister<br>besch\u00e4ftigt seit 2022<br><\/a><\/p>\n\n\n\n<p class=\"has-text-align-right\"><a><strong>Steiner Regina<\/strong><br>Reinigungskraft<br>besch\u00e4ftigt seit 2011<\/a><\/p>\n\n\n\n<p><\/p>\n","protected":false},"excerpt":{"rendered":"<p>Treitler AndreasBetriebsleiterbesch\u00e4ftigt seit 1992 Ing. Rennhofer LukasBetriebsleiter-Stv.besch\u00e4ftigt seit 2013 Horvath HubertWassermeisterbesch\u00e4ftigt seit 2001 Hampel-Spuller KatharinaVerwaltungbesch\u00e4ftigt seit 2021 Horvath ManuelWassermeisterbesch\u00e4ftigt seit 2001 Werger AndreasWassermeisterbesch\u00e4ftigt seit 2005 Jeitler JosefWassermeisterbesch\u00e4ftigt seit 2008 Salzer RomanWassermeisterbesch\u00e4ftigt seit 2012 Karl BirnbaumerLKW-Fahrerbesch\u00e4ftigt seit 2013 Schiefer-Flohner ThomasMonteurbesch\u00e4ftigt seit 2018 Thur YvonneVerwaltungbesch\u00e4ftigt seit 2015 Nagl PeterWassermeisterbesch\u00e4ftigt seit 2019 Pichlbauer StefanWassermeisterbesch\u00e4ftigt seit 2022 Steiner ReginaReinigungskraftbesch\u00e4ftigt [&hellip;]<\/p>\n","protected":false},"author":2,"featured_media":0,"parent":0,"menu_order":0,"comment_status":"closed","ping_status":"closed","template":"","meta":{"footnotes":""},"class_list":["post-35","page","type-page","status-publish","hentry"],"_links":{"self":[{"href":"https:\/\/www.wlvpitten.at\/wlvpitten\/index.php?rest_route=\/wp\/v2\/pages\/35","targetHints":{"allow":["GET"]}}],"collection":[{"href":"https:\/\/www.wlvpitten.at\/wlvpitten\/index.php?rest_route=\/wp\/v2\/pages"}],"about":[{"href":"https:\/\/www.wlvpitten.at\/wlvpitten\/index.php?rest_route=\/wp\/v2\/types\/page"}],"author":[{"embeddable":true,"href":"https:\/\/www.wlvpitten.at\/wlvpitten\/index.php?rest_route=\/wp\/v2\/users\/2"}],"replies":[{"embeddable":true,"href":"https:\/\/www.wlvpitten.at\/wlvpitten\/index.php?rest_route=%2Fwp%2Fv2%2Fcomments&post=35"}],"version-history":[{"count":4,"href":"https:\/\/www.wlvpitten.at\/wlvpitten\/index.php?rest_route=\/wp\/v2\/pages\/35\/revisions"}],"predecessor-version":[{"id":188,"href":"https:\/\/www.wlvpitten.at\/wlvpitten\/index.php?rest_route=\/wp\/v2\/pages\/35\/revisions\/188"}],"wp:attachment":[{"href":"https:\/\/www.wlvpitten.at\/wlvpitten\/index.php?rest_route=%2Fwp%2Fv2%2Fmedia&parent=35"}],"curies":[{"name":"wp","href":"https:\/\/api.w.org\/{rel}","templated":true}]}}

<p><a><strong>Treitler Andreas</strong><br>Betriebsleiter<br>beschäftigt seit 1992<br></a></p>



<p class="has-text-align-right"><a><strong>Ing. Rennhofer Lukas</strong><br>Betriebsleiter-Stv.<br>beschäftigt seit 2013<br></a></p>



<p><a><strong>Horvath Hubert</strong><br>Wassermeister<br>beschäftigt seit 2001<br></a></p>



<p class="has-text-align-right"><a><strong>Hampel-Spuller Katharina</strong><br>Verwaltung<br>beschäftigt seit 2021<br></a></p>



<p><a><strong>Horvath Manuel</strong><br>Wassermeister<br>beschäftigt seit 2001<br></a></p>



<p class="has-text-align-right"><a><strong>Werger Andreas</strong><br>Wassermeister<br>beschäftigt seit 2005<br></a></p>



<p><a><strong>Jeitler Josef</strong><br>Wassermeister<br>beschäftigt seit 2008<br></a></p>



<p class="has-text-align-right"><a><strong>Salzer Roman</strong><br>Wassermeister<br>beschäftigt seit 2012<br></a></p>



<p><a><strong>Karl Birnbaumer</strong><br>LKW-Fahrer<br>beschäftigt seit 2013<br></a></p>



<p class="has-text-align-right"><a><strong>Schiefer-Flohner Thomas</strong><br>Monteur<br>beschäftigt seit 2018</a></p>



<p><a><strong>Thur Yvonne</strong><br>Verwaltung<br>beschäftigt seit 2015</a></p>



<p class="has-text-align-right"><a><strong>Nagl Peter</strong><br>Wassermeister<br>beschäftigt seit 2019<br></a></p>



<p><a><strong>Pichlbauer Stefan</strong><br>Wassermeister<br>beschäftigt seit 2022<br></a></p>



<p class="has-text-align-right"><a><strong>Steiner Regina</strong><br>Reinigungskraft<br>beschäftigt seit 2011</a></p>



<p></p>

<p>Treitler AndreasBetriebsleiterbeschäftigt seit 1992 Ing. Rennhofer LukasBetriebsleiter-Stv.beschäftigt seit 2013 Horvath HubertWassermeisterbeschäftigt seit 2001 Hampel-Spuller KatharinaVerwaltungbeschäftigt seit 2021 Horvath ManuelWassermeisterbeschäftigt seit 2001 Werger AndreasWassermeisterbeschäftigt seit 2005 Jeitler JosefWassermeisterbeschäftigt seit 2008 Salzer RomanWassermeisterbeschäftigt seit 2012 Karl BirnbaumerLKW-Fahrerbeschäftigt seit 2013 Schiefer-Flohner ThomasMonteurbeschäftigt seit 2018 Thur YvonneVerwaltungbeschäftigt seit 2015 Nagl PeterWassermeisterbeschäftigt seit 2019 Pichlbauer StefanWassermeisterbeschäftigt seit 2022 Steiner ReginaReinigungskraftbeschäftigt [&hellip;]</p>
