{"id":223,"date":"2023-06-07T09:00:05","date_gmt":"2023-06-07T08:00:05","guid":{"rendered":"https:\/\/wlvpitten.at\/wlvpitten\/?page_id=223"},"modified":"2026-04-16T09:42:40","modified_gmt":"2026-04-16T08:42:40","slug":"formulare-2","status":"publish","type":"page","link":"https:\/\/www.wlvpitten.at\/wlvpitten\/?page_id=223","title":{"rendered":"Formulare"},"content":{"rendered":"\n<div class=\"wp-block-group is-style-tgroup is-vertical is-layout-flex wp-container-core-group-is-layout-8cad6afd wp-block-group-is-layout-flex\" style=\"text-transform:none\">\n<div class=\"wp-block-file\"><a id=\"wp-block-file--media-ca714c18-bad2-423a-80a8-2ce856b5ecdf\" href=\"https:\/\/wlvpitten.at\/wlvpitten\/wp-content\/uploads\/2023\/06\/Anmeldebogen_zur_Anmeldung_des_Wasserbezuges.pdf\">Anmeldebogen zur Anmeldung des Wasserbezuges<\/a><\/div>\n\n\n\n<div class=\"wp-block-file\"><a id=\"wp-block-file--media-8cc30772-83db-4b5b-80a7-4b2d5c51f861\" href=\"https:\/\/wlvpitten.at\/wlvpitten\/wp-content\/uploads\/2023\/06\/Einverstaendniserklaerung_fuer_Mieter.pdf\">Einverst\u00e4ndniserkl\u00e4rung f\u00fcr Mieter<\/a><\/div>\n\n\n\n<div class=\"wp-block-file\"><a id=\"wp-block-file--media-77df08c6-6f3f-4bc2-8589-0538eb42db44\" href=\"https:\/\/wlvpitten.at\/wlvpitten\/wp-content\/uploads\/2023\/06\/Wasserentnahmen_aus_dem_oeffentlichen_Hydrantennetz.pdf\">Wasserentnahmen aus dem \u00f6ffentlichen Hydrantennetz<\/a><\/div>\n\n\n\n<div class=\"wp-block-file\"><a id=\"wp-block-file--media-b708b4fe-90f3-4569-aeef-c40a7770b604\" href=\"https:\/\/wlvpitten.at\/wlvpitten\/wp-content\/uploads\/2023\/06\/Veraenderungsanzeige.pdf\">Ver\u00e4nderungsanzeige<\/a><\/div>\n\n\n\n<div class=\"wp-block-file\"><a id=\"wp-block-file--media-8cfe1968-d866-4f85-b8dd-6b2cd706be5e\" href=\"https:\/\/wlvpitten.at\/wlvpitten\/wp-content\/uploads\/2023\/10\/Eigentuemerwechsel.pdf\">Eigent\u00fcmerwechsel<\/a><\/div>\n<\/div>\n\n\n\n<div class=\"wp-block-group is-style-tgroup\"><div class=\"wp-block-group__inner-container is-layout-constrained wp-block-group-is-layout-constrained\">\n<div class=\"wp-block-file\"><a id=\"wp-block-file--media-2107b171-b189-47bc-8069-d5582b62a87b\" href=\"https:\/\/wlvpitten.at\/wlvpitten\/wp-content\/uploads\/2023\/06\/SEPA_Lastschrift.pdf\">Formular f\u00fcr Abbuchungsautrag<\/a><\/div>\n<\/div><\/div>\n\n\n\n<div class=\"wp-block-group is-style-tgroup\"><div class=\"wp-block-group__inner-container is-layout-constrained wp-block-group-is-layout-constrained\">\n<p><strong><a href=\"https:\/\/www.wlvpitten.at\/sites\/WasserzaehlerNeu.html\" target=\"_blank\" rel=\"noreferrer noopener\">Wasserz\u00e4hlerstand bekannt geben<\/a><\/strong><\/p>\n<\/div><\/div>\n\n\n\n<h1 class=\"wp-block-heading\">Gesetze<\/h1>\n\n\n\n<div class=\"wp-block-group is-vertical is-nowrap is-layout-flex wp-container-core-group-is-layout-fc43baa9 wp-block-group-is-layout-flex\">\n<div class=\"wp-block-file\"><a id=\"wp-block-file--media-f8abe910-bc2c-4888-9450-de9ed65001e6\" href=\"https:\/\/wlvpitten.at\/wlvpitten\/wp-content\/uploads\/2023\/06\/NOe_GWLVG_Fassung_vom_07_06_2023.pdf\">Gemeindewasserleitungsverbandsgesetz<\/a><\/div>\n\n\n\n<div class=\"wp-block-file\"><a id=\"wp-block-file--media-f43a2e83-d7a1-4540-a335-f19025e42d4c\" href=\"https:\/\/wlvpitten.at\/wlvpitten\/wp-content\/uploads\/2023\/06\/NOe_Wasserleitungsanschlussgesetz_Fassung_vom_07_06_2023.pdf\">N\u00d6 Wasserleitungsanschlussgesetz<\/a><\/div>\n\n\n\n<div class=\"wp-block-file\"><a id=\"wp-block-file--media-088404e9-d97a-454e-a5cf-6ddff8ed16a2\" href=\"https:\/\/wlvpitten.at\/wlvpitten\/wp-content\/uploads\/2023\/06\/Wasserabgabenordnung_2023.pdf\">Wasserabgabenordnung<\/a><\/div>\n\n\n\n<div class=\"wp-block-file\"><a id=\"wp-block-file--media-3e89f715-cdc7-4632-8a54-7fd3f4e28368\" href=\"https:\/\/wlvpitten.at\/wlvpitten\/wp-content\/uploads\/2023\/06\/WAO_HKL.pdf\">Wasserabgabenordnung f\u00fcr Ha\u00dfbach, Kleineben und Laa<\/a><\/div>\n\n\n\n<div class=\"wp-block-file\"><a id=\"wp-block-file--media-3050b8f0-f1d7-4b1f-8d5f-1e2554f64688\" href=\"https:\/\/wlvpitten.at\/wlvpitten\/wp-content\/uploads\/2023\/06\/Wasserleitungsordnung.pdf\">Wasserleitungsordnung<\/a><\/div>\n<\/div>\n","protected":false},"excerpt":{"rendered":"<p>Wasserz\u00e4hlerstand bekannt geben Gesetze<\/p>\n","protected":false},"author":2,"featured_media":0,"parent":0,"menu_order":0,"comment_status":"closed","ping_status":"closed","template":"","meta":{"footnotes":""},"class_list":["post-223","page","type-page","status-publish","hentry"],"_links":{"self":[{"href":"https:\/\/www.wlvpitten.at\/wlvpitten\/index.php?rest_route=\/wp\/v2\/pages\/223","targetHints":{"allow":["GET"]}}],"collection":[{"href":"https:\/\/www.wlvpitten.at\/wlvpitten\/index.php?rest_route=\/wp\/v2\/pages"}],"about":[{"href":"https:\/\/www.wlvpitten.at\/wlvpitten\/index.php?rest_route=\/wp\/v2\/types\/page"}],"author":[{"embeddable":true,"href":"https:\/\/www.wlvpitten.at\/wlvpitten\/index.php?rest_route=\/wp\/v2\/users\/2"}],"replies":[{"embeddable":true,"href":"https:\/\/www.wlvpitten.at\/wlvpitten\/index.php?rest_route=%2Fwp%2Fv2%2Fcomments&post=223"}],"version-history":[{"count":22,"href":"https:\/\/www.wlvpitten.at\/wlvpitten\/index.php?rest_route=\/wp\/v2\/pages\/223\/revisions"}],"predecessor-version":[{"id":510,"href":"https:\/\/www.wlvpitten.at\/wlvpitten\/index.php?rest_route=\/wp\/v2\/pages\/223\/revisions\/510"}],"wp:attachment":[{"href":"https:\/\/www.wlvpitten.at\/wlvpitten\/index.php?rest_route=%2Fwp%2Fv2%2Fmedia&parent=223"}],"curies":[{"name":"wp","href":"https:\/\/api.w.org\/{rel}","templated":true}]}}